
Is 461677 composite?
False
Is 222863687 a prime number?
True
Is 188219 prime?
False
Is 18592789 composite?
False
Is 904469 composite?
True
Is 11816287 a composite number?
True
Is 958729 composite?
False
Is 6815497 a composite number?
True
Is 34245691 a composite number?
False
Is 2941649 composite?
False
Is 2501071 a composite number?
False
Is 53945 a prime number?
False
Is 535004251 composite?
False
Is 38011091 a prime number?
False
Is 2702659 a composite number?
True
Is 97635803 prime?
False
Is 1299583 composite?
False
Is 566950441 a composite number?
True
Is 4638419 prime?
True
Is 5175643 a composite number?
True
Is 3515521 a composite number?
True
Is 42919477 composite?
False
Is 9801031 prime?
True
Is 9720551 prime?
True
Is 207438521 prime?
True
Is 31536607 prime?
True
Is 19886351 a prime number?
False
Is 28278983 prime?
False
Is 5307749 a prime number?
True
Is 46449829 a composite number?
False
Is 11608741 composite?
False
Is 10448065 composite?
True
Is 7377817 prime?
True
Is 640678471 a prime number?
False
Is 6738117 a composite number?
True
Is 10179613 composite?
False
Is 1268737 a prime number?
False
Is 1013305 prime?
False
Is 7248691 a composite number?
True
Is 259204769 a prime number?
True
Is 1544527 composite?
False
Is 79472395 a prime number?
False
Is 12854494 a prime number?
False
Is 41278873 prime?
False
Is 37170647 prime?
True
Is 29876719 prime?
True
Is 2480843 composite?
False
Is 10033202 prime?
False
Is 2833427 a composite number?
True
Is 29163139 composite?
False
Is 11846477 composite?
False
Is 16463767 composite?
True
Is 12516769 composite?
False
Is 19663601 composite?
False
Is 87039341 composite?
False
Is 54490757 a prime number?
True
Is 2192083 a prime number?
False
Is 2840401 composite?
True
Is 479657273 a composite number?
True
Is 88423337 a prime number?
False
Is 36225179 a prime number?
True
Is 111570467 a composite number?
True
Is 315896549 a composite number?
False
Is 207037 prime?
True
Is 5329889 a composite number?
False
Is 101921591 composite?
False
Is 4304869 a composite number?
False
Is 289809919 prime?
False
Is 4514311 composite?
True
Is 6056353 prime?
True
Is 30830243 a prime number?
True
Is 177374473 a prime number?
False
Is 30576003 composite?
True
Is 270249989 a prime number?
False
Is 1095067 composite?
False
Is 391488109 a composite number?
False
Is 869355273 prime?
False
Is 1984709 prime?
True
Is 2585707 composite?
False
Is 165008339 prime?
True
Is 4666507 prime?
False
Is 5798087 a composite number?
False
Is 248464631 a prime number?
True
Is 22092241 a composite number?
False
Is 2108963 composite?
True
Is 45469 composite?
True
Is 53191603 a composite number?
True
Is 72578783 prime?
False
Is 6745597 a prime number?
True
Is 114382 prime?
False
Is 1108139 composite?
True
Is 27650747 composite?
True
Is 1552949 a prime number?
True
Is 24347683 composite?
True
Is 128082431 prime?
True
Is 1004813 composite?
True
Is 7066429 a prime number?
True
Is 496005733 a prime number?
True
Is 44394473 composite?
True
Is 36888017 prime?
True
Is 28751957 a prime number?
False
Is 2191801 a composite number?
True
Is 947987 a composite number?
False
Is 3417013 composite?
False
Is 901859 a composite number?
True
Is 53189 prime?
True
Is 920539 prime?
True
Is 6940561 prime?
True
Is 513031301 a composite number?
True
Is 2307587 composite?
True
Is 2131989 a prime number?
False
Is 980501 composite?
True
Is 6689561 a prime number?
True
Is 2580899 composite?
True
Is 4889627 a composite number?
True
Is 53264359 composite?
False
Is 500377429 a prime number?
True
Is 41366509 composite?
False
Is 3101339 a prime number?
True
Is 111860381 prime?
True
Is 222641957 composite?
False
Is 21436453 a composite number?
False
Is 4956785 composite?
True
Is 32366003 a composite number?
False
Is 17101627 prime?
False
Is 150079 composite?
True
Is 31005133 prime?
True
Is 5834487 composite?
True
Is 765961951 a prime number?
True
Is 381847737 a prime number?
False
Is 1168031 a prime number?
True
Is 3609713 prime?
True
Is 244850491 prime?
True
Is 44547221 composite?
False
Is 1622253 a prime number?
False
Is 1040503 a prime number?
True
Is 43391 a composite number?
False
Is 15180239 a prime number?
True
Is 5237689 a composite number?
False
Is 23277953 prime?
False
Is 55157329 prime?
False
Is 3088199 prime?
True
Is 97433201 composite?
False
Is 224909411 prime?
False
Is 53518883 composite?
True
Is 10665506 a composite number?
True
Is 34840601 a composite number?
False
Is 1977303 a prime number?
False
Is 70347769 prime?
False
Is 658694381 a composite number?
True
Is 3941293 a composite number?
False
Is 12669149 a prime number?
False
Is 5308349 composite?
True
Is 4427351 composite?
True
Is 8317567 prime?
False
Is 22840591 a prime number?
True
Is 396349 prime?
True
Is 5913367 a composite number?
False
Is 6286165 composite?
True
Is 9204763 prime?
True
Is 128183095 a composite number?
True
Is 1438201 prime?
False
Is 501573 a composite number?
True
Is 8965631 composite?
True
Is 9904735 a composite number?
True
Is 293343643 a composite number?
True
Is 1259011 composite?
True
Is 15602557 prime?
False
Is 7920047 prime?
True
Is 7491587 prime?
False
Is 265670767 a prime number?
False
Is 131397187 prime?
True
Is 3634097 composite?
False
Is 371722283 prime?
True
Is 2913739 composite?
False
Is 285835877 a prime number?
True
Is 220947553 prime?
False
Is 9305999 prime?
False
Is 15027247 a composite number?
False
Is 84434215 prime?
False
Is 16492423 a prime number?
True
Is 9378263 prime?
False
Is 159743881 composite?
True
Is 10853267 a prime number?
True
Is 2065787 prime?
False
Is 1667377 a composite number?
True
Is 80307497 a prime number?
True
Is 21861589 a prime number?
True
Is 81332429 prime?
False
Is 98356691 a prime number?
False
Is 60779833 prime?
True
Is 114529 a prime number?
False
Is 3341483 composite?
False
Is 839203 a composite number?
False
Is 9981223 a composite number?
True
Is 828211 a composite number?
True
Is 22097501 prime?
False
Is 6573929 prime?
False
Is 74817227 a composite number?
True
Is 150562421 composite?
True
Is 25348571 a composite number?
False
Is 13477921 a prime number?
False
Is 686417 prime?
True
Is 5205407 composite?
False
Is 4591541 a composite number?
True
Is 29435473 a prime number?
True
Is 46306891 prime?
False
Is 3166309 a composite number?
True
Is 5295809 composite?
False
Is 265659505 prime?
False
Is 229736651 composite?
False
Is 14579947 composite?
True
Is 44630009 composite?
False
Is 4573727 composite?
False
Is 76638103 a composite number?
False
Is 4741379 a prime number?
False
Is 42072319 composite?
True
Is 2407399 prime?
True
Is 70646941 a prime number?
True
Is 706403 composite?
False
Is 90235669 composite?
True
Is 123479 a prime number?
True
Is 9513227 prime?
True
Is 42182123 composite?
False
Is 18834937 a prime number?
False
Is 51126763 prime?
True
Is 6430198 a composite number?
True
Is 17291 a composite number?
False
Is 38879 a prime number?
False
Is 3326711 a composite number?
False
Is 55855157 a composite number?
False
Is 9694829 composite?
True
Is 16883969 composite?
True
Is 8943989 a composite number?
True
Is 544877 prime?
True
Is 378526091 a composite number?
False
Is 595687849 a composite number?
False
Is 9819809 a prime number?
True
Is 1721023 prime?
True
Is 10920857 composite?
True
Is 2234093 prime?
False
Is 4335137 a composite number?
False
Is 43150447 a composite number?
False
Is 65225623 a composite number?
False
Is 2276087 a composite number?
True
Is 386521 a composite number?
False
Is 27429349 prime?
True
Is 6148973 a prime number?
True
Is 19830907 a composite number?
False
Is 12102091 prime?
True
Is 59766347 prime?
True
Is 8840417 prime?
True
Is 1415501 a composite number?
True
Is 2320427 a prime number?
True
Is 101466341 a prime number?
False
Is 4212514 a composite number?
True
Is 1816937 a prime number?
False
Is 44993567 prime?
False
Is 2236093 prime?
False
Is 19142191 composite?
False
Is 80043319 a prime number?
True
Is 535331135 prime?
False
Is 143865181 a prime number?
True
Is 3402071 composite?
False
Is 11618017 a composite number?
True
Is 5366623 a composite number?
False
Is 89339723 a prime number?
False
Is 24415877 a composite number?
True
Is 355717 composite?
False
Is 308559505 a composite number?
True
Is